r of 20 and x?
20
Let y(t) = -t**3 - 8*t**2 - 7*t + 6. Let x be y(-7). Let k be 20/(-3)*126/(-35). What is the highest common factor of k and x?
6
Suppose 0 = -2*i + 3*i - 3. Let x(l) = 4*l. Let j be x(i). Suppose -j - 4 = -2*y. Calculate the greatest common divisor of 4 and y.
4
Let x(w) = -9*w**3 - 4*w**2 - 3*w - 2. Let o be x(-2). Suppose -11*v + 96 = -7*v. What is the greatest common divisor of v and o?
12
Suppose -2*x + 2*j = -33 + 5, -j - 70 = -5*x. Calculate the greatest common divisor of 49 and x.
7
Suppose -p - 301 = -5*w, -49 = 2*w - 4*p - 173. Suppose -3*r = -32 - 4. What is the highest common factor of w and r?
12
Let j = 15 - 12. What is the greatest common factor of 2 and j?
1
Let u(k) = k**2 - 6*k - 11. Let r be u(8). Calculate the greatest common divisor of r and 10.
5
Let k(l) = -17*l + 1. Let z = -1 - 0. Let v be k(z). What is the greatest common divisor of v and 45?
9
Let a(y) = 3*y**2 - y. Let f be a(-1). Suppose 9*n - f*n = 10. What is the highest common divisor of 10 and n?
2
Suppose c + 4*t = -16, c - 12 - 2 = 2*t. Suppose 0 = -p - c + 14. What is the greatest common divisor of 40 and p?
10
Let s(m) = 193*m + 6. Let i be s(-4). Let q be (-4)/(-14) + i/(-14). Calculate the greatest common divisor of 11 and q.
11
Let s = 31 + 35. Calculate the highest common factor of 6 and s.
6
Let m be (-10)/(-25) - (-206)/10. Calculate the highest common divisor of 14 and m.
7
Let m(c) = c + 10. Let i be m(-8). Suppose -2 = -i*s + 6. Suppose -l = -w, 3*w + s*l = 12 + 2. What is the greatest common factor of w and 6?
2
Let s be -4 - (-4 + -5) - (2 + 0). What is the greatest common factor of 6 and s?
3
Let n(h) = -6*h + 44*h**2 + 1 + 6*h. Let c be n(-1). What is the highest common divisor of 9 and c?
9
Suppose 0*x - 16 = -x. Suppose 3*g - d = x + 4, -5*g + 3*d + 32 = 0. Calculate the highest common factor of g and 7.
7
Suppose 3*f - 2*i + 4*i = 166, 5*f - i = 268. Let b(r) = r**3 + r**2 + r + 36. Let l be b(0). What is the highest common factor of f and l?
18
Suppose 5*r - 22 = 58. What is the highest common factor of 48 and r?
16
Suppose 0 = 7*m - 53 - 59. What is the greatest common factor of 24 and m?
8
Let l be (6 - 0)*(-10)/(-3). Let d(g) = -5*g**2 + g + 1. Let k be d(2). Let s = k + 47. What is the greatest common divisor of s and l?
10
Let t(y) = -y**3 + 7*y**2 + 13*y - 10. Let q be t(8). What is the greatest common factor of q and 30?
30
Suppose 8*r = 11*r - 390. Calculate the highest common divisor of 26 and r.
26
Let x(a) = a**3 - 10*a**2 - 6*a + 13. Let r be x(11). Suppose 3*n + 28 = 79. What is the greatest common divisor of r and n?
17
Let d(c) be the second derivative of -c**4/12 - 5*c**3/6 + c**2/2 + 2*c. Let w be d(-5). Suppose o = 17 + w. Calculate the highest common divisor of o and 27.
9
Let d(c) = -c**2 + 26*c + 51. Let t be d(27). What is the greatest common divisor of 3 and t?
3
Let k be (34/2)/(0 - -1). Let a = -5 + 11. Let o be (5 - 2)*68/a. Calculate the greatest common factor of o and k.
17
Suppose 0 = -s - 3*z - 20, -5*s + 4*z = -3*s - 10. Let v = s + 11. Calculate the highest common factor of v and 15.
3
Let c(t) = -3*t + 4*t - 3*t**3 + 48 + 4*t**3. Let k be c(0). Calculate the highest common divisor of 32 and k.
16
Let q = 1 + 7. What is the highest common factor of 88 and q?
8
Let l = 166 - 111. Let w(c) = 3*c + 2. Let u be (-17)/(-5) - 4/10. Let j be w(u). What is the greatest common factor of j and l?
11
Let i = 242 + -162. What is the highest common factor of 5 and i?
5
Suppose -2*l = -5*u - 24, 5*u = l - 6*l - 10. Suppose -5*i = -3*y, l*y - y - 2*i = 0. Suppose 3*s + 3 - 9 = y. What is the greatest common factor of 14 and s?
2
Let q be (-20)/(-2)*(-12)/(-24). Calculate the greatest common divisor of q and 20.
5
Let g = 6 - 6. Suppose 10 = c + 4*f, -5*c - 4*f + 82 = -g*c. What is the highest common divisor of 144 and c?
18
Let f be 15/(-6)*136/(-10). Calculate the greatest common divisor of f and 51.
17
Let m = -14 - -26. Suppose 8 = 5*y - m. Let v be (6 - -1) + (4 - y). What is the highest common divisor of 77 and v?
7
Suppose -q + 74 = 4*q - 2*i, -3*i = -5*q + 71. Let o(p) = 4*p. Let v be o(2). What is the greatest common factor of q and v?
8
Suppose 3*f = 9*f - 216. What is the highest common factor of 24 and f?
12
Let m = -16 - -48. Suppose 0 = 3*r + n - 22, 0*r - 2*r + 5*n = 8. Suppose -2*c = -r, -c - 24 = s - 107. Calculate the highest common factor of m and s.
16
Suppose 2*r = -r. Let j be 0 - r - (3 - 5). Suppose -2 = -q + j*q, -4*y + 4*q = -308. Calculate the highest common divisor of 15 and y.
15
Let n = 9 + -7. Suppose 0*r + n*r = -144. Let z = r - -138. What is the greatest common divisor of 22 and z?
22
Let t(a) = a**2 - a. Let u = 2 + 1. Suppose u*s + 4*d = -2*s + 22, 4*s + 5*d - 23 = 0. Let m be t(s). What is the highest common divisor of m and 2?
2
Let v(q) = 13*q - 13. Let l be v(3). Calculate the highest common divisor of l and 208.
26
Suppose -36 = -3*g + 60. Let q = g + -10. Let x be (10/(-3))/((30/(-99))/10). What is the highest common divisor of x and q?
22
Let l(q) = 8*q**2 + 3*q + 1. Let v be l(-4). Suppose 3*k + v = 3*w, w + 0*w - 4*k - 30 = 0. Let c = 17 - -11. What is the highest common factor of w and c?
14
Let s be 4*((-2)/1 + 21). Suppose 5*l + 4 = n + 3, -4*l = 4*n - s. What is the highest common divisor of n and 16?
16
Let v = 288 + -172. What is the greatest common factor of v and 29?
29
Let k = -5 + 12. What is the greatest common factor of k and 63?
7
Let d = 11 - -3. Calculate the greatest common divisor of 42 and d.
14
Let y be (1/(-2))/((-2)/24). Suppose 2*v = -3*f - 12, -8 - 10 = 3*f + 4*v. Let i be f*1 - (-48)/y. Calculate the greatest common factor of 9 and i.
3
Suppose -6 - 6 = -2*x. Let s = x + -4. Suppose s*g = 50 + 6. What is the highest common factor of g and 7?
7
Let v(l) = 69*l**2 - 2*l - 1. Let q be v(-1). Suppose 7*o - 245 = -175. Calculate the highest common divisor of q and o.
10
Let y be (-2)/(-4) - 1337/(-14). Let d = 7 + -9. Let b be 18*-2*d/6. Calculate the greatest common divisor of b and y.
12
Suppose 5*f - 5*q + 16 = -24, -f + 3*q = 2. Let d = f + 23. Calculate the greatest common divisor of 24 and d.
12
Let z(o) = -o**3 - o + 17. Let x be z(0). Calculate the greatest common factor of x and 17.
17
Suppose -72 = -4*d - f, 0*d - 2*d + 36 = -3*f. Suppose -4*r + r = d. Let q be (-2)/r - 534/(-18). Calculate the highest common divisor of 10 and q.
10
Let v(m) = -188*m**2 - m. Let t be v(1). Let c = t + 289. Let d be ((-15)/6)/(1/(-8)). What is the highest common factor of d and c?
20
Let r be (6/10)/((-5)/(-25)). Let t be 4/12*r*19. Calculate the highest common divisor of t and 76.
19
Suppose -2*z - 16 + 140 = 0. Calculate the greatest common divisor of z and 31.
31
Let h be (0 - -2)*39/6. What is the greatest common factor of h and 52?
13
Let r be 5 - (-1)/2*4. Suppose -5*z = -r*z + 12. What is the greatest common divisor of 6 and z?
6
Let m be (2/6)/(3/54). Suppose 2*p + m = 4*p. Suppose -p = -v - 0. What is the highest common divisor of v and 27?
3
Let n = 50 + -27. What is the greatest common divisor of 253 and n?
23
Let t = 104 + -51. Let o = -2 - -2. Suppose 4*r - 47 = -4*q + r, o = 5*q - 2*r - t. Calculate the highest common divisor of 11 and q.
11
Let u = 10 - 10. Suppose u = -5*r - 0*r + 60. Let s(z) = -15*z. Let f be s(-4). What is the greatest common factor of f and r?
12
Let q(c) = c**2 - 6*c - 6. Let i be q(8). What is the greatest common factor of 30 and i?
10
Suppose -w + 3 = -1. Let g be 0 - -138 - (w + -1). Let l = 34 + -19. What is the greatest common divisor of g and l?
15
Let t = -10 - -29. What is the highest common factor of t and 209?
19
Suppose 5*b - 6*n = -5*n + 204, -112 = -3*b - 2*n. Calculate the highest common divisor of b and 80.
40
Let a be (-15)/(-4) - (-5)/20. Let b = 23 + -19. Calculate the greatest common factor of b and a.
4
Suppose 4*g + 2*k + 675 = -k, 2*g + 330 = -4*k. Let n = g + 276. Calculate the highest common factor of 21 and n.
21
Suppose u - 6*u - 15 = -5*o, 2*u + 2 = -2*o. Let m = 15 + -10. Let c be 1/m + 8/10. Calculate the greatest common divisor of c and o.
1
Let x(l) = -33*l + 40*l + l**2 + l**3 - 7*l**2. Let t be x(5). What is the greatest common divisor of 10 and t?
10
Suppose 171 = 15*y - 12*y. 